04 is divided by 1491.
1488
Calculate the remainder when 969172 is divided by 8653.
36
Calculate the remainder when 1194618 is divided by 19909.
78
Calculate the remainder when 17148794 is divided by 1150.
1144
Calculate the remainder when 3022586 is divided by 6296.
506
Calculate the remainder when 5714893 is divided by 2235.
2233
What is the remainder when 34980 is divided by 5574?
1536
What is the remainder when 3799190 is divided by 10732?
62
Calculate the remainder when 71488 is divided by 519.
385
What is the remainder when 2591472 is divided by 2591453?
19
What is the remainder when 3076018 is divided by 69?
67
Calculate the remainder when 52650518 is divided by 365.
363
What is the remainder when 19603699 is divided by 100?
99
What is the remainder when 4154425 is divided by 1384644?
493
Calculate the remainder when 11407756 is divided by 364.
360
What is the remainder when 1669058 is divided by 883?
188
Calculate the remainder when 165706 is divided by 1294.
74
Calculate the remainder when 330225 is divided by 8717.
7696
What is the remainder when 347123487 is divided by 31?
26
Calculate the remainder when 380885 is divided by 66.
65
Calculate the remainder when 9236329 is divided by 3.
1
Calculate the remainder when 134054 is divided by 18498.
4568
Calculate the remainder when 1688970 is divided by 34.
20
What is the remainder when 264042 is divided by 4132?
3726
What is the remainder when 1149516 is divided by 292?
204
Calculate the remainder when 96471 is divided by 7410.
141
What is the remainder when 80666109 is divided by 1106?
1105
What is the remainder when 73667453 is divided by 1128?
29
What is the remainder when 6511581 is divided by 728?
349
Calculate the remainder when 10009 is divided by 956.
449
Calculate the remainder when 2885582 is divided by 95.
52
Calculate the remainder when 495566 is divided by 19060.
6
Calculate the remainder when 2627283 is divided by 2627245.
38
What is the remainder when 3031671 is divided by 14795?
13491
What is the remainder when 4152776 is divided by 118650?
26
What is the remainder when 726882 is divided by 80758?
60
What is the remainder when 645649 is divided by 353?
12
What is the remainder when 1448479 is divided by 48?
31
What is the remainder when 1334486 is divided by 2177?
2162
What is the remainder when 29428 is divided by 813?
160
What is the remainder when 145496961 is divided by 4480?
1
Calculate the remainder when 16705 is divided by 5198.
1111
What is the remainder when 82380 is divided by 261?
165
What is the remainder when 83416 is divided by 308?
256
Calculate the remainder when 1260038428 is divided by 54.
52
Calculate the remainder when 48942 is divided by 47201.
1741
What is the remainder when 7422937 is divided by 125811?
88
Calculate the remainder when 117726 is divided by 351.
141
Calculate the remainder when 692591 is divided by 17.
11
What is the remainder when 6998047 is divided by 6998045?
2
Calculate the remainder when 349234 is divided by 4231.
2292
What is the remainder when 117971 is divided by 23321?
1366
Calculate the remainder when 1157948 is divided by 323.
316
Calculate the remainder when 75745 is divided by 24728.
1561
What is the remainder when 752295 is divided by 56?
47
What is the remainder when 225784458 is divided by 110?
108
Calculate the remainder when 163823982 is divided by 885535.
7
Calculate the remainder when 74604422 is divided by 3774.
3764
What is the remainder when 9525268 is divided by 1905051?
13
Calculate the remainder when 2259603930 is divided by 18.
12
What is the remainder when 318858 is divided by 106280?
18
What is the remainder when 246870028 is divided by 2755?
2743
What is the remainder when 641786 is divided by 14925?
11
What is the remainder when 2065265 is divided by 96?
17
Calculate the remainder when 2059202 is divided by 1029566.
70
What is the remainder when 1567911 is divided by 1608?
111
Calculate the remainder when 739667817 is divided by 1884.
1881
Calculate the remainder when 7570148 is divided by 17687.
112
Calculate the remainder when 758956 is divided by 508.
4
Calculate the remainder when 1681455 is divided by 54237.
108
What is the remainder when 118490175 is divided by 5?
0
Calculate the remainder when 1494198 is divided by 3489.
906
What is the remainder when 34559 is divided by 2519?
1812
What is the remainder when 43864012 is divided by 102486?
4
Calculate the remainder when 12612175 is divided by 12612170.
5
What is the remainder when 4187834 is divided by 4552?
4546
Calculate the remainder when 88042 is divided by 2073.
976
Calculate the remainder when 1273114 is divided by 31050.
64
Calculate the remainder when 403427 is divided by 5488.
2803
What is the remainder when 30075621 is divided by 972?
969
Calculate the remainder when 23016 is divided by 10501.
2014
What is the remainder when 158900 is divided by 607?
473
Calculate the remainder when 4312999 is divided by 25.
24
What is the remainder when 516304 is divided by 609?
481
What is the remainder when 33949 is divided by 2798?
373
What is the remainder when 119671834 is divided by 13?
9
What is the remainder when 451176 is divided by 14549?
157
Calculate the remainder when 112482774 is divided by 732.
726
What is the remainder when 89508956 is divided by 22377238?
4
Calculate the remainder when 6283360 is divided by 1041.
925
Calculate the remainder when 181279 is divided by 26.
7
What is the remainder when 2410293 is divided by 395?
3
Calculate the remainder when 1970854 is divided by 240.
214
What is the remainder when 22746 is divided by 797?
430
Calculate the remainder when 197245 is divided by 11280.
5485
What is the remainder when 220372 is divided by 3336?
196
What is the remainder when 26798 is divided by 8710?
668
What is the remainder when 242896 is divided by 264?
16
What is the remainder when 1844409 is divided by 6210?
39
What is the remainder when 1873432 is divided by 20814?
172
Calculate the remainder when 2138850 is divided by 305536.
98
What is the remainder when 101489 is divided by 1714?
363
What is the remainder when 670364 is divided by 44687?
59
Calculate the remainder when 619131 is divided by 56272.
139
What is the remainder when 3874606 is divided by 48?
46
Calculate the remainder when 583264 is divided by 23330.
14
Calculate the remainder when 115145754 is divided by 2147.
2144
What is the remainder when 150652 is divided by 12546?
100
What is the remainder when 1421688519 is divided by 10?
9
Calculate the remainder when 119226 is divided by 13050.
1776
Calculate the remainder when 8809889 is divided by 776.
737
What is the remainder when 24288 is divided by 16558?
7730
What is the remainder when 9050588 is divided by 4741?
19
Calculate the remainder when 25125405 is divided by 462.
459
Calculate the remainder when 58260 is divided by 29029.
202
What is the remainder when 13415705 is divided by 2551?
2547
Calculate the remainder when 10247 is divided by 4143.
1961
What is the remainder when 32250269 is divided by 16?
13
Calculate the remainder when 3980484120 is divided by 1093.
1092
Calculate the remainder when 35026829 is divided by 18.
17
Calculate the remainder when 114767 is divided by 374.
323
Calculate the remainder when 1140625 is divided by 142570.
65
What is the remainder when 1689978 is divided by 80467?
171
Calculate the remainder when 2419216 is divided by 1792.
16
What is the remainder when 38015 is divided by 2108?
71
What is the remainder when 2703304 is divided by 6144?
6088
Calculate the remainder when 1878952 is divided by 125263.
7
What is the remainder when 27837351 is divided by 1983?
1980
Calculate the remainder when 6354508 is divided by 29.
28
Calculate the remainder when 29074 is divided by 1920.
274
What is the remainder when 102263673 is divided by 43796?
13
What is the remainder when 4651224 is divided by 548?
348
What is the remainder when 865523 is divided by 72126?
11
What is the remainder when 51865238 is divided by 1043?
1020
Calculate the remainder when 118846760 is divided by 17.
15
What is the remainder when 318202 is divided by 11363?
38
Calculate the remainder when 1518646 is divided by 19980.
166
What is the remainder when 3520498 is divided by 8402?
60
What is the remainder 